{"id":345,"date":"2023-03-20T19:51:23","date_gmt":"2023-03-20T18:51:23","guid":{"rendered":"https:\/\/www.passionchrysanthemes.fr\/?page_id=345"},"modified":"2025-09-23T17:06:44","modified_gmt":"2025-09-23T15:06:44","slug":"contact","status":"publish","type":"page","link":"https:\/\/www.passionchrysanthemes.fr\/index.php\/contact\/","title":{"rendered":"Contact et adh\u00e9sion"},"content":{"rendered":"<p>&nbsp;<\/p>\n<p><strong><span style=\"color: #000000; font-size: 1.4em;\">Cercle des Amateurs de Chrysanth\u00e8mes<\/span><\/strong><\/p>\n<div class=\"n module-type-text diyfeLiveArea \">\n<p>5 rue de Varenne<\/p>\n<p>39290 POINTRE<\/p>\n<\/div>\n<div class=\"n module-type-text diyfeLiveArea \">\n<p>Email :<a href=\"mailto:cercledesamateursdechrysanthemes@orange.fr\">\u00a0cercledesamateursdechrysanthemes@orange.fr<\/a><\/p>\n<h2 style=\"text-align: center;\"><\/h2>\n<h2 style=\"text-align: center;\"><span style=\"color: #0000ff;\">Pr\u00e9sentation<\/span><\/h2>\n<p>La Cercle des Amateurs de Chrysanth\u00e8mes est une association nationale dont le si\u00e8ge social est \u00e0 Pointre, petit village du Jura. Sa cr\u00e9ation remonte \u00e0 2005, d\u00e9clar\u00e9e officiellement en 2006. Aujourd&rsquo;hui l&rsquo;association compte environ 180 adh\u00e9rents r\u00e9partis dans 55 d\u00e9partements.<\/p>\n<h2 style=\"text-align: center;\"><span style=\"color: #0000ff;\">Ses buts<\/span><\/h2>\n<p>La promotion du chrysanth\u00e8me comme plante d\u00e9corative sous toutes ses formes, dans toutes ses vari\u00e9t\u00e9s ainsi que ses multiples utilisations. L&rsquo;association souhaite \u0153uvrer pour r\u00e9pandre sa culture et faire conna\u00eetre son histoire.<\/p>\n<p>&nbsp;<\/p>\n<h2 style=\"text-align: center;\"><span style=\"color: #0000ff;\">Nos prestations<\/span><\/h2>\n<p><strong>1\/ Notre revue<\/strong><\/p>\n<p>Comme de nombreuses associations, nous fonctionnons sur le principe d&rsquo;une adh\u00e9sion volontaire pour une cotisation annuelle de 20 euros. Chaque adh\u00e9rent re\u00e7oit d\u00e8s janvier notre revue annelle qui compte entre 16 et 20 pages couleur. Elle donne des conseils de culture, traite d&rsquo;articles de fond concernant l&rsquo;horticulture ou l&rsquo;histoire du chrysanth\u00e8me, publie de nombreuses photographies de manifestations et de cultures d&rsquo;adh\u00e9rents.<\/p>\n<p><strong>2\/ Les boutures<\/strong><\/p>\n<p>Chaque adh\u00e9rent re\u00e7oit gratuitement une collection d&rsquo;environ huit jeunes plants de chrysanth\u00e8mes issus de boutures. Chaque ann\u00e9e, la collection re\u00e7ue est diff\u00e9rente. Ces boutures proviennent de notre propre culture ou sont command\u00e9es aupr\u00e8s d&rsquo;obtenteurs fran\u00e7ais.<\/p>\n<p><strong>3\/ Rencontres avec le public<\/strong><\/p>\n<p>Chaque ann\u00e9e, le Cercle participe \u00e0 une ou plusieurs foires aux plantes. Des conf\u00e9rences sur l&rsquo;histoire et la culture du chrysanth\u00e8me peuvent aussi \u00eatre donn\u00e9es.<\/p>\n<\/div>\n<p>&nbsp;<\/p>\n<h2 style=\"text-align: center;\"><span style=\"color: #0000ff;\">Notre culture sur place<\/span><\/h2>\n<div class=\"n module-type-text diyfeLiveArea \">\n<p>Le Cercle cultive chaque ann\u00e9e environ 1000 chrysanth\u00e8mes dans le but de maintenir ses collections. Il poss\u00e8de \u00e0 ce jour environ 50 vari\u00e9t\u00e9s de multifleurs, 40 vari\u00e9t\u00e9s de fleurs \u00e0 couper,<br \/>\n10 vari\u00e9t\u00e9s de grosses boules, 12 vari\u00e9t\u00e9s de cascades, autant de chrysanth\u00e8mes rustiques, ainsi que des vari\u00e9t\u00e9s estivales. A cela s&rsquo;ajoute 300 pot\u00e9es cultiv\u00e9es pour une vente de Toussaint destin\u00e9e \u00e0 am\u00e9liorer la sant\u00e9 financi\u00e8re de l&rsquo;association.<\/p>\n<p>&nbsp;<\/p>\n<p style=\"text-align: center;\"><strong>UN SITE INTERNET<\/strong><\/p>\n<p style=\"text-align: center;\">r\u00e9guli\u00e8rement mis \u00e0 jour<\/p>\n<p style=\"text-align: center;\"><a href=\"http:\/\/www.passionchrysanthemes.fr\"> http:\/\/www.passionchrysanthemes.fr<\/a><\/p>\n<p style=\"text-align: center;\"><strong>UNE PAGE FACEBOOK<\/strong><\/p>\n<p style=\"text-align: center;\"><a href=\"https:\/\/m.facebook.com\/p\/Cercle-des-Amateurs-de-Chrysanth%C3%A8mes-100076495170601\/\"><span style=\"color: #0000ff;\">\u00ab\u00a0Cercle des Amateurs de Chrysanth\u00e8mes\u00a0\u00bb<\/span><\/a><\/p>\n<h3 style=\"text-align: center;\">&#8212;&#8212;&#8212;&#8212;&#8212;&#8212;&#8212;&#8212;&#8212;&#8212;&#8212;&#8212;&#8212;&#8212;&#8212;&#8212;&#8212;&#8212;&#8212;&#8212;&#8212;&#8212;&#8212;&#8212;&#8212;&#8212;&#8212;&#8212;&#8212;&#8212;<\/h3>\n<p>&nbsp;<\/p>\n<\/div>\n<h2 style=\"text-align: center;\"><strong><span style=\"color: #0000ff;\">DEMANDE D&rsquo;ADHESION<\/span><\/strong><\/h2>\n<h2 style=\"text-align: center;\"><span style=\"color: #ff0000;\">VINGT ANS DEJA !<\/span><\/h2>\n<p style=\"text-align: left;\">Merci de remplir lisiblement le document ci-dessous et de l\u2019envoyer accompagne\u0301 de<br \/>\nvotre re\u0300glement de 20 euros a\u0300 :<\/p>\n<p style=\"text-align: center;\"><strong>CERCLE DES AMATEURS DE CHRYSANTHEMES<\/strong><br \/>\n<strong>5 rue de Varenne 39290 POINTRE<br \/>\n<a href=\"http:\/\/www.passionchrysanthemes.fr\">http:\/\/www.passionchrysanthemes.fr<\/a><br \/>\n<\/strong><\/p>\n<p>&nbsp;<\/p>\n<p style=\"text-align: left;\">Nom Pre\u0301nom : &#8230;&#8230;&#8230;&#8230;&#8230;&#8230;&#8230;&#8230;&#8230;&#8230;&#8230;&#8230;&#8230;&#8230;&#8230;&#8230;&#8230;&#8230;&#8230;&#8230;&#8230;&#8230;&#8230;&#8230;&#8230;&#8230;&#8230;&#8230;&#8230;&#8230;&#8230;&#8230;&#8230;&#8230;.<\/p>\n<p style=\"text-align: left;\">adresse : &#8230;&#8230;&#8230;&#8230;&#8230;&#8230;&#8230;&#8230;&#8230;&#8230;&#8230;&#8230;&#8230;&#8230;&#8230;&#8230;&#8230;&#8230;&#8230;&#8230;&#8230;&#8230;&#8230;&#8230;&#8230;&#8230;&#8230;&#8230;&#8230;&#8230;&#8230;&#8230;&#8230;&#8230;&#8230;&#8230;&#8230;..<\/p>\n<p style=\"text-align: left;\">code postal : &#8230;&#8230;&#8230;&#8230;&#8230;&#8230;&#8230;.. Ville :&#8230;&#8230;&#8230;&#8230;&#8230;&#8230;&#8230;&#8230;&#8230;&#8230;&#8230;&#8230;&#8230;&#8230;&#8230;&#8230;&#8230;&#8230;&#8230;&#8230;&#8230;&#8230;&#8230;..<\/p>\n<p style=\"text-align: left;\">adresse mail :&#8230;&#8230;&#8230;&#8230;&#8230;&#8230;&#8230;&#8230;&#8230;&#8230;&#8230;&#8230;&#8230;&#8230;&#8230;&#8230;&#8230;&#8230;&#8230;&#8230;&#8230;&#8230;&#8230;&#8230;&#8230;&#8230;&#8230;&#8230;&#8230;&#8230;&#8230;&#8230;&#8230;&#8230;&#8230;.<\/p>\n<p style=\"text-align: left;\">tel : &#8230;&#8230;&#8230;&#8230;&#8230;&#8230;&#8230;&#8230;&#8230;&#8230;&#8230;&#8230;&#8230;&#8230;. tel. mobile : &#8230;&#8230;&#8230;&#8230;&#8230;&#8230;&#8230;&#8230;&#8230;&#8230;<\/p>\n<p style=\"text-align: left;\">anne\u0301e de naissance : &#8230;&#8230;&#8230;&#8230;&#8230;&#8230;&#8230;&#8230;&#8230;&#8230;&#8230;&#8230;..<\/p>\n<p>&nbsp;<\/p>\n<p><img loading=\"lazy\" decoding=\"async\" class=\" wp-image-124 aligncenter\" src=\"https:\/\/www.passionchrysanthemes.fr\/wp-content\/uploads\/2023\/03\/teaserbox_245481106260bb.png\" alt=\"\" width=\"394\" height=\"295\" srcset=\"https:\/\/www.passionchrysanthemes.fr\/wp-content\/uploads\/2023\/03\/teaserbox_245481106260bb.png 571w, https:\/\/www.passionchrysanthemes.fr\/wp-content\/uploads\/2023\/03\/teaserbox_245481106260bb-300x225.png 300w\" sizes=\"auto, (max-width: 394px) 100vw, 394px\" \/><\/p>\n","protected":false},"excerpt":{"rendered":"<p>&nbsp; Cercle des Amateurs de Chrysanth\u00e8mes 5 rue de Varenne 39290 POINTRE Email :\u00a0cercledesamateursdechrysanthemes@orange.fr Pr\u00e9sentation La Cercle des Amateurs de Chrysanth\u00e8mes est une association nationale dont le si\u00e8ge social est \u00e0 Pointre, petit village du Jura. Sa cr\u00e9ation remonte \u00e0 &hellip; <a href=\"https:\/\/www.passionchrysanthemes.fr\/index.php\/contact\/\">Continuer la lecture <span class=\"meta-nav\">&rarr;<\/span><\/a><\/p>\n","protected":false},"author":1,"featured_media":0,"parent":0,"menu_order":0,"comment_status":"closed","ping_status":"closed","template":"","meta":{"footnotes":""},"class_list":["post-345","page","type-page","status-publish","hentry"],"_links":{"self":[{"href":"https:\/\/www.passionchrysanthemes.fr\/index.php\/wp-json\/wp\/v2\/pages\/345","targetHints":{"allow":["GET"]}}],"collection":[{"href":"https:\/\/www.passionchrysanthemes.fr\/index.php\/wp-json\/wp\/v2\/pages"}],"about":[{"href":"https:\/\/www.passionchrysanthemes.fr\/index.php\/wp-json\/wp\/v2\/types\/page"}],"author":[{"embeddable":true,"href":"https:\/\/www.passionchrysanthemes.fr\/index.php\/wp-json\/wp\/v2\/users\/1"}],"replies":[{"embeddable":true,"href":"https:\/\/www.passionchrysanthemes.fr\/index.php\/wp-json\/wp\/v2\/comments?post=345"}],"version-history":[{"count":20,"href":"https:\/\/www.passionchrysanthemes.fr\/index.php\/wp-json\/wp\/v2\/pages\/345\/revisions"}],"predecessor-version":[{"id":652,"href":"https:\/\/www.passionchrysanthemes.fr\/index.php\/wp-json\/wp\/v2\/pages\/345\/revisions\/652"}],"wp:attachment":[{"href":"https:\/\/www.passionchrysanthemes.fr\/index.php\/wp-json\/wp\/v2\/media?parent=345"}],"curies":[{"name":"wp","href":"https:\/\/api.w.org\/{rel}","templated":true}]}}