{"id":299,"date":"2023-03-16T22:13:21","date_gmt":"2023-03-16T21:13:21","guid":{"rendered":"https:\/\/www.passionchrysanthemes.fr\/?page_id=299"},"modified":"2023-05-06T12:02:00","modified_gmt":"2023-05-06T10:02:00","slug":"conferences","status":"publish","type":"page","link":"https:\/\/www.passionchrysanthemes.fr\/index.php\/nos-activites\/conferences\/","title":{"rendered":"Conf\u00e9rences"},"content":{"rendered":"<p>&nbsp;<\/p>\n<p>&nbsp;<\/p>\n<h2 style=\"text-align: center;\">En douze ans, plus de 870 personnes ont assist\u00e9 pr\u00e8s de 35 r\u00e9unions publiques d&rsquo;information ou des conf\u00e9rences.<\/h2>\n<h2 style=\"text-align: center;\">Ces diverses r\u00e9unions traitent des origines, de l&rsquo;histoire et de la culture du chrysanth\u00e8me<\/h2>\n<h2 style=\"text-align: center;\"><\/h2>\n<h2 style=\"text-align: center;\">Depuis deux ans, le Cercle des Amateurs de Chrysanth\u00e8mes\u00a0intervient dans des lyc\u00e9es d&rsquo;enseignement horticole sur le m\u00eame sujet ou pour initier aux techniques de\u00a0l&rsquo;hybridation du chrysanth\u00e8me.<\/h2>\n<p>&nbsp;<\/p>\n<p><img loading=\"lazy\" decoding=\"async\" class=\"alignnone  wp-image-395\" src=\"https:\/\/www.passionchrysanthemes.fr\/wp-content\/uploads\/2023\/05\/5-public-3-copie-1024x576.jpeg\" alt=\"\" width=\"663\" height=\"373\" srcset=\"https:\/\/www.passionchrysanthemes.fr\/wp-content\/uploads\/2023\/05\/5-public-3-copie-1024x576.jpeg 1024w, https:\/\/www.passionchrysanthemes.fr\/wp-content\/uploads\/2023\/05\/5-public-3-copie-300x169.jpeg 300w, https:\/\/www.passionchrysanthemes.fr\/wp-content\/uploads\/2023\/05\/5-public-3-copie-768x432.jpeg 768w, https:\/\/www.passionchrysanthemes.fr\/wp-content\/uploads\/2023\/05\/5-public-3-copie-1536x864.jpeg 1536w, https:\/\/www.passionchrysanthemes.fr\/wp-content\/uploads\/2023\/05\/5-public-3-copie-2048x1152.jpeg 2048w\" sizes=\"auto, (max-width: 663px) 100vw, 663px\" \/><\/p>\n<p style=\"text-align: center;\">Conf\u00e9rence \u00e0 Rouen le 20 novembre 2022<\/p>\n<p><img loading=\"lazy\" decoding=\"async\" class=\"alignnone size-large wp-image-392\" src=\"https:\/\/www.passionchrysanthemes.fr\/wp-content\/uploads\/2023\/05\/2-Conference-Frasne-1024x768.jpg\" alt=\"\" width=\"640\" height=\"480\" srcset=\"https:\/\/www.passionchrysanthemes.fr\/wp-content\/uploads\/2023\/05\/2-Conference-Frasne-1024x768.jpg 1024w, https:\/\/www.passionchrysanthemes.fr\/wp-content\/uploads\/2023\/05\/2-Conference-Frasne-300x225.jpg 300w, https:\/\/www.passionchrysanthemes.fr\/wp-content\/uploads\/2023\/05\/2-Conference-Frasne-768x576.jpg 768w, https:\/\/www.passionchrysanthemes.fr\/wp-content\/uploads\/2023\/05\/2-Conference-Frasne-1536x1152.jpg 1536w, https:\/\/www.passionchrysanthemes.fr\/wp-content\/uploads\/2023\/05\/2-Conference-Frasne-2048x1536.jpg 2048w\" sizes=\"auto, (max-width: 640px) 100vw, 640px\" \/><\/p>\n<p style=\"text-align: center;\">Conf\u00e9rence \u00e0 Frasne-l\u00e8s-Meuli\u00e8res le 5 novembre 2021<\/p>\n<p><img loading=\"lazy\" decoding=\"async\" class=\"alignnone size-large wp-image-391\" src=\"https:\/\/www.passionchrysanthemes.fr\/wp-content\/uploads\/2023\/05\/1-conference-Billey--1024x768.jpg\" alt=\"\" width=\"640\" height=\"480\" srcset=\"https:\/\/www.passionchrysanthemes.fr\/wp-content\/uploads\/2023\/05\/1-conference-Billey--1024x768.jpg 1024w, https:\/\/www.passionchrysanthemes.fr\/wp-content\/uploads\/2023\/05\/1-conference-Billey--300x225.jpg 300w, https:\/\/www.passionchrysanthemes.fr\/wp-content\/uploads\/2023\/05\/1-conference-Billey--768x576.jpg 768w, https:\/\/www.passionchrysanthemes.fr\/wp-content\/uploads\/2023\/05\/1-conference-Billey--1536x1152.jpg 1536w, https:\/\/www.passionchrysanthemes.fr\/wp-content\/uploads\/2023\/05\/1-conference-Billey--2048x1536.jpg 2048w\" sizes=\"auto, (max-width: 640px) 100vw, 640px\" \/><\/p>\n<p style=\"text-align: center;\">Conf\u00e9rence \u00e0 Billey (21) le 28 f\u00e9vrier 2020<\/p>\n<p><img loading=\"lazy\" decoding=\"async\" class=\"aligncenter wp-image-301 size-full\" src=\"https:\/\/www.passionchrysanthemes.fr\/wp-content\/uploads\/2023\/03\/cache_2455043643.png\" alt=\"\" width=\"643\" height=\"482\" srcset=\"https:\/\/www.passionchrysanthemes.fr\/wp-content\/uploads\/2023\/03\/cache_2455043643.png 643w, https:\/\/www.passionchrysanthemes.fr\/wp-content\/uploads\/2023\/03\/cache_2455043643-300x225.png 300w\" sizes=\"auto, (max-width: 643px) 100vw, 643px\" \/><\/p>\n<p style=\"text-align: center;\">Conf\u00e9rence \u00e0 Dijon \u00e0 l&rsquo;occasion de Florissimo le 12 mars 2010<\/p>\n<p><img loading=\"lazy\" decoding=\"async\" class=\"aligncenter wp-image-305 size-full\" src=\"https:\/\/www.passionchrysanthemes.fr\/wp-content\/uploads\/2023\/03\/cache_2455044268.png\" alt=\"\" width=\"643\" height=\"482\" srcset=\"https:\/\/www.passionchrysanthemes.fr\/wp-content\/uploads\/2023\/03\/cache_2455044268.png 643w, https:\/\/www.passionchrysanthemes.fr\/wp-content\/uploads\/2023\/03\/cache_2455044268-300x225.png 300w\" sizes=\"auto, (max-width: 643px) 100vw, 643px\" \/><\/p>\n<p style=\"text-align: center;\">Seconde conf\u00e9rence \u00e0 Florissimo le 12 Mars 2010<\/p>\n<p><img loading=\"lazy\" decoding=\"async\" class=\"alignnone size-full wp-image-304\" src=\"https:\/\/www.passionchrysanthemes.fr\/wp-content\/uploads\/2023\/03\/cache_2455044180.png\" alt=\"\" width=\"643\" height=\"482\" srcset=\"https:\/\/www.passionchrysanthemes.fr\/wp-content\/uploads\/2023\/03\/cache_2455044180.png 643w, https:\/\/www.passionchrysanthemes.fr\/wp-content\/uploads\/2023\/03\/cache_2455044180-300x225.png 300w\" sizes=\"auto, (max-width: 643px) 100vw, 643px\" \/><\/p>\n<p style=\"text-align: center;\">Strasbourg le 5 nov. 2009<\/p>\n<p><img loading=\"lazy\" decoding=\"async\" class=\"aligncenter wp-image-302 size-full\" src=\"https:\/\/www.passionchrysanthemes.fr\/wp-content\/uploads\/2023\/03\/cache_2455044099.png\" alt=\"\" width=\"643\" height=\"482\" srcset=\"https:\/\/www.passionchrysanthemes.fr\/wp-content\/uploads\/2023\/03\/cache_2455044099.png 643w, https:\/\/www.passionchrysanthemes.fr\/wp-content\/uploads\/2023\/03\/cache_2455044099-300x225.png 300w\" sizes=\"auto, (max-width: 643px) 100vw, 643px\" \/><\/p>\n<p style=\"text-align: center;\">Ch\u00e2teau de Barbirey (21), 13 octobre 2008<\/p>\n<p><img loading=\"lazy\" decoding=\"async\" class=\"aligncenter wp-image-303 \" src=\"https:\/\/www.passionchrysanthemes.fr\/wp-content\/uploads\/2023\/03\/cache_2455044115.png\" alt=\"\" width=\"833\" height=\"625\" srcset=\"https:\/\/www.passionchrysanthemes.fr\/wp-content\/uploads\/2023\/03\/cache_2455044115.png 429w, https:\/\/www.passionchrysanthemes.fr\/wp-content\/uploads\/2023\/03\/cache_2455044115-300x225.png 300w\" sizes=\"auto, (max-width: 833px) 100vw, 833px\" \/><\/p>\n<p style=\"text-align: center;\">Soci\u00e9t\u00e9 d&rsquo;Horticulture de C\u00f4te d&rsquo;Or, 2007<\/p>\n<p>&nbsp;<\/p>\n<p>&nbsp;<\/p>\n<p>&nbsp;<\/p>\n","protected":false},"excerpt":{"rendered":"<p>&nbsp; &nbsp; En douze ans, plus de 870 personnes ont assist\u00e9 pr\u00e8s de 35 r\u00e9unions publiques d&rsquo;information ou des conf\u00e9rences. Ces diverses r\u00e9unions traitent des origines, de l&rsquo;histoire et de la culture du chrysanth\u00e8me Depuis deux ans, le Cercle des &hellip; <a href=\"https:\/\/www.passionchrysanthemes.fr\/index.php\/nos-activites\/conferences\/\">Continuer la lecture <span class=\"meta-nav\">&rarr;<\/span><\/a><\/p>\n","protected":false},"author":1,"featured_media":0,"parent":287,"menu_order":0,"comment_status":"closed","ping_status":"closed","template":"","meta":{"footnotes":""},"class_list":["post-299","page","type-page","status-publish","hentry"],"_links":{"self":[{"href":"https:\/\/www.passionchrysanthemes.fr\/index.php\/wp-json\/wp\/v2\/pages\/299","targetHints":{"allow":["GET"]}}],"collection":[{"href":"https:\/\/www.passionchrysanthemes.fr\/index.php\/wp-json\/wp\/v2\/pages"}],"about":[{"href":"https:\/\/www.passionchrysanthemes.fr\/index.php\/wp-json\/wp\/v2\/types\/page"}],"author":[{"embeddable":true,"href":"https:\/\/www.passionchrysanthemes.fr\/index.php\/wp-json\/wp\/v2\/users\/1"}],"replies":[{"embeddable":true,"href":"https:\/\/www.passionchrysanthemes.fr\/index.php\/wp-json\/wp\/v2\/comments?post=299"}],"version-history":[{"count":5,"href":"https:\/\/www.passionchrysanthemes.fr\/index.php\/wp-json\/wp\/v2\/pages\/299\/revisions"}],"predecessor-version":[{"id":396,"href":"https:\/\/www.passionchrysanthemes.fr\/index.php\/wp-json\/wp\/v2\/pages\/299\/revisions\/396"}],"up":[{"embeddable":true,"href":"https:\/\/www.passionchrysanthemes.fr\/index.php\/wp-json\/wp\/v2\/pages\/287"}],"wp:attachment":[{"href":"https:\/\/www.passionchrysanthemes.fr\/index.php\/wp-json\/wp\/v2\/media?parent=299"}],"curies":[{"name":"wp","href":"https:\/\/api.w.org\/{rel}","templated":true}]}}

Conférences

<p>&nbsp;</p>
<p>&nbsp;</p>
<h2 style="text-align: center;">En douze ans, plus de 870 personnes ont assisté près de 35 réunions publiques d&rsquo;information ou des conférences.</h2>
<h2 style="text-align: center;">Ces diverses réunions traitent des origines, de l&rsquo;histoire et de la culture du chrysanthème</h2>
<h2 style="text-align: center;"></h2>
<h2 style="text-align: center;">Depuis deux ans, le Cercle des Amateurs de Chrysanthèmes intervient dans des lycées d&rsquo;enseignement horticole sur le même sujet ou pour initier aux techniques de l&rsquo;hybridation du chrysanthème.</h2>
<p>&nbsp;</p>
<p><img loading="lazy" decoding="async" class="alignnone  wp-image-395" src="https://www.passionchrysanthemes.fr/wp-content/uploads/2023/05/5-public-3-copie-1024x576.jpeg" alt="" width="663" height="373" srcset="https://www.passionchrysanthemes.fr/wp-content/uploads/2023/05/5-public-3-copie-1024x576.jpeg 1024w, https://www.passionchrysanthemes.fr/wp-content/uploads/2023/05/5-public-3-copie-300x169.jpeg 300w, https://www.passionchrysanthemes.fr/wp-content/uploads/2023/05/5-public-3-copie-768x432.jpeg 768w, https://www.passionchrysanthemes.fr/wp-content/uploads/2023/05/5-public-3-copie-1536x864.jpeg 1536w, https://www.passionchrysanthemes.fr/wp-content/uploads/2023/05/5-public-3-copie-2048x1152.jpeg 2048w" sizes="auto, (max-width: 663px) 100vw, 663px" /></p>
<p style="text-align: center;">Conférence à Rouen le 20 novembre 2022</p>
<p><img loading="lazy" decoding="async" class="alignnone size-large wp-image-392" src="https://www.passionchrysanthemes.fr/wp-content/uploads/2023/05/2-Conference-Frasne-1024x768.jpg" alt="" width="640" height="480" srcset="https://www.passionchrysanthemes.fr/wp-content/uploads/2023/05/2-Conference-Frasne-1024x768.jpg 1024w, https://www.passionchrysanthemes.fr/wp-content/uploads/2023/05/2-Conference-Frasne-300x225.jpg 300w, https://www.passionchrysanthemes.fr/wp-content/uploads/2023/05/2-Conference-Frasne-768x576.jpg 768w, https://www.passionchrysanthemes.fr/wp-content/uploads/2023/05/2-Conference-Frasne-1536x1152.jpg 1536w, https://www.passionchrysanthemes.fr/wp-content/uploads/2023/05/2-Conference-Frasne-2048x1536.jpg 2048w" sizes="auto, (max-width: 640px) 100vw, 640px" /></p>
<p style="text-align: center;">Conférence à Frasne-lès-Meulières le 5 novembre 2021</p>
<p><img loading="lazy" decoding="async" class="alignnone size-large wp-image-391" src="https://www.passionchrysanthemes.fr/wp-content/uploads/2023/05/1-conference-Billey--1024x768.jpg" alt="" width="640" height="480" srcset="https://www.passionchrysanthemes.fr/wp-content/uploads/2023/05/1-conference-Billey--1024x768.jpg 1024w, https://www.passionchrysanthemes.fr/wp-content/uploads/2023/05/1-conference-Billey--300x225.jpg 300w, https://www.passionchrysanthemes.fr/wp-content/uploads/2023/05/1-conference-Billey--768x576.jpg 768w, https://www.passionchrysanthemes.fr/wp-content/uploads/2023/05/1-conference-Billey--1536x1152.jpg 1536w, https://www.passionchrysanthemes.fr/wp-content/uploads/2023/05/1-conference-Billey--2048x1536.jpg 2048w" sizes="auto, (max-width: 640px) 100vw, 640px" /></p>
<p style="text-align: center;">Conférence à Billey (21) le 28 février 2020</p>
<p><img loading="lazy" decoding="async" class="aligncenter wp-image-301 size-full" src="https://www.passionchrysanthemes.fr/wp-content/uploads/2023/03/cache_2455043643.png" alt="" width="643" height="482" srcset="https://www.passionchrysanthemes.fr/wp-content/uploads/2023/03/cache_2455043643.png 643w, https://www.passionchrysanthemes.fr/wp-content/uploads/2023/03/cache_2455043643-300x225.png 300w" sizes="auto, (max-width: 643px) 100vw, 643px" /></p>
<p style="text-align: center;">Conférence à Dijon à l&rsquo;occasion de Florissimo le 12 mars 2010</p>
<p><img loading="lazy" decoding="async" class="aligncenter wp-image-305 size-full" src="https://www.passionchrysanthemes.fr/wp-content/uploads/2023/03/cache_2455044268.png" alt="" width="643" height="482" srcset="https://www.passionchrysanthemes.fr/wp-content/uploads/2023/03/cache_2455044268.png 643w, https://www.passionchrysanthemes.fr/wp-content/uploads/2023/03/cache_2455044268-300x225.png 300w" sizes="auto, (max-width: 643px) 100vw, 643px" /></p>
<p style="text-align: center;">Seconde conférence à Florissimo le 12 Mars 2010</p>
<p><img loading="lazy" decoding="async" class="alignnone size-full wp-image-304" src="https://www.passionchrysanthemes.fr/wp-content/uploads/2023/03/cache_2455044180.png" alt="" width="643" height="482" srcset="https://www.passionchrysanthemes.fr/wp-content/uploads/2023/03/cache_2455044180.png 643w, https://www.passionchrysanthemes.fr/wp-content/uploads/2023/03/cache_2455044180-300x225.png 300w" sizes="auto, (max-width: 643px) 100vw, 643px" /></p>
<p style="text-align: center;">Strasbourg le 5 nov. 2009</p>
<p><img loading="lazy" decoding="async" class="aligncenter wp-image-302 size-full" src="https://www.passionchrysanthemes.fr/wp-content/uploads/2023/03/cache_2455044099.png" alt="" width="643" height="482" srcset="https://www.passionchrysanthemes.fr/wp-content/uploads/2023/03/cache_2455044099.png 643w, https://www.passionchrysanthemes.fr/wp-content/uploads/2023/03/cache_2455044099-300x225.png 300w" sizes="auto, (max-width: 643px) 100vw, 643px" /></p>
<p style="text-align: center;">Château de Barbirey (21), 13 octobre 2008</p>
<p><img loading="lazy" decoding="async" class="aligncenter wp-image-303 " src="https://www.passionchrysanthemes.fr/wp-content/uploads/2023/03/cache_2455044115.png" alt="" width="833" height="625" srcset="https://www.passionchrysanthemes.fr/wp-content/uploads/2023/03/cache_2455044115.png 429w, https://www.passionchrysanthemes.fr/wp-content/uploads/2023/03/cache_2455044115-300x225.png 300w" sizes="auto, (max-width: 833px) 100vw, 833px" /></p>
<p style="text-align: center;">Société d&rsquo;Horticulture de Côte d&rsquo;Or, 2007</p>
<p>&nbsp;</p>
<p>&nbsp;</p>
<p>&nbsp;</p>

<p>&nbsp; &nbsp; En douze ans, plus de 870 personnes ont assisté près de 35 réunions publiques d&rsquo;information ou des conférences. Ces diverses réunions traitent des origines, de l&rsquo;histoire et de la culture du chrysanthème Depuis deux ans, le Cercle des &hellip; <a href="https://www.passionchrysanthemes.fr/index.php/nos-activites/conferences/">Continuer la lecture <span class="meta-nav">&rarr;</span></a></p>
