{"id":294,"date":"2023-03-16T12:05:36","date_gmt":"2023-03-16T11:05:36","guid":{"rendered":"https:\/\/www.passionchrysanthemes.fr\/?page_id=294"},"modified":"2023-03-16T12:09:51","modified_gmt":"2023-03-16T11:09:51","slug":"les-envois-de-boutures","status":"publish","type":"page","link":"https:\/\/www.passionchrysanthemes.fr\/index.php\/nos-activites\/les-envois-de-boutures\/","title":{"rendered":"Les envois de boutures"},"content":{"rendered":"<p>&nbsp;<\/p>\n<p>&nbsp;<\/p>\n<h2 style=\"text-align: center;\">\u00a0Pr\u00e8s de 1800 boutures sont envoy\u00e9es aux membres de l&rsquo;association par La Poste chaque ann\u00e9e au mois de mai.<\/h2>\n<p>&nbsp;<\/p>\n<h2 style=\"text-align: center;\">Plusieurs centaines de boutures sont \u00e9galement produites afin d&rsquo;\u00eatre propos\u00e9es au public \u00e0 l&rsquo;occasion de foires aux v\u00e9g\u00e9taux de printemps auxquelles le Cercle participe.<\/h2>\n<p>&nbsp;<\/p>\n<p><img loading=\"lazy\" decoding=\"async\" class=\"aligncenter wp-image-125 size-full\" src=\"https:\/\/www.passionchrysanthemes.fr\/wp-content\/uploads\/2023\/03\/teaserbox_245494508958c8.png\" alt=\"\" width=\"895\" height=\"671\" srcset=\"https:\/\/www.passionchrysanthemes.fr\/wp-content\/uploads\/2023\/03\/teaserbox_245494508958c8.png 895w, https:\/\/www.passionchrysanthemes.fr\/wp-content\/uploads\/2023\/03\/teaserbox_245494508958c8-300x225.png 300w, https:\/\/www.passionchrysanthemes.fr\/wp-content\/uploads\/2023\/03\/teaserbox_245494508958c8-768x576.png 768w\" sizes=\"auto, (max-width: 895px) 100vw, 895px\" \/><\/p>\n<p style=\"text-align: center;\">Les boutures sont pr\u00eates \u00e0 \u00eatre exp\u00e9di\u00e9es aux adh\u00e9rents<\/p>\n<p>&nbsp;<\/p>\n<p><img loading=\"lazy\" decoding=\"async\" class=\"aligncenter wp-image-126 size-full\" src=\"https:\/\/www.passionchrysanthemes.fr\/wp-content\/uploads\/2023\/03\/teaserbox_245494512615b5.png\" alt=\"\" width=\"900\" height=\"675\" srcset=\"https:\/\/www.passionchrysanthemes.fr\/wp-content\/uploads\/2023\/03\/teaserbox_245494512615b5.png 900w, https:\/\/www.passionchrysanthemes.fr\/wp-content\/uploads\/2023\/03\/teaserbox_245494512615b5-300x225.png 300w, https:\/\/www.passionchrysanthemes.fr\/wp-content\/uploads\/2023\/03\/teaserbox_245494512615b5-768x576.png 768w\" sizes=\"auto, (max-width: 900px) 100vw, 900px\" \/><\/p>\n<p style=\"text-align: center;\">Les b\u00e9n\u00e9voles sont sur place au si\u00e8ge social pour conditionner les envois<\/p>\n<p>&nbsp;<\/p>\n<p><img loading=\"lazy\" decoding=\"async\" class=\"aligncenter wp-image-98 size-full\" src=\"https:\/\/www.passionchrysanthemes.fr\/wp-content\/uploads\/2023\/03\/teaserbox_2454945156bda1.jpg\" alt=\"\" width=\"809\" height=\"1080\" srcset=\"https:\/\/www.passionchrysanthemes.fr\/wp-content\/uploads\/2023\/03\/teaserbox_2454945156bda1.jpg 809w, https:\/\/www.passionchrysanthemes.fr\/wp-content\/uploads\/2023\/03\/teaserbox_2454945156bda1-225x300.jpg 225w, https:\/\/www.passionchrysanthemes.fr\/wp-content\/uploads\/2023\/03\/teaserbox_2454945156bda1-767x1024.jpg 767w, https:\/\/www.passionchrysanthemes.fr\/wp-content\/uploads\/2023\/03\/teaserbox_2454945156bda1-768x1025.jpg 768w\" sizes=\"auto, (max-width: 809px) 100vw, 809px\" \/><\/p>\n<p style=\"text-align: center;\">C&rsquo;est travail minutieux qui demande de l&rsquo;attention pour \u00e9viter les erreurs<\/p>\n","protected":false},"excerpt":{"rendered":"<p>&nbsp; &nbsp; \u00a0Pr\u00e8s de 1800 boutures sont envoy\u00e9es aux membres de l&rsquo;association par La Poste chaque ann\u00e9e au mois de mai. &nbsp; Plusieurs centaines de boutures sont \u00e9galement produites afin d&rsquo;\u00eatre propos\u00e9es au public \u00e0 l&rsquo;occasion de foires aux v\u00e9g\u00e9taux &hellip; <a href=\"https:\/\/www.passionchrysanthemes.fr\/index.php\/nos-activites\/les-envois-de-boutures\/\">Continuer la lecture <span class=\"meta-nav\">&rarr;<\/span><\/a><\/p>\n","protected":false},"author":1,"featured_media":0,"parent":287,"menu_order":0,"comment_status":"closed","ping_status":"closed","template":"","meta":{"footnotes":""},"class_list":["post-294","page","type-page","status-publish","hentry"],"_links":{"self":[{"href":"https:\/\/www.passionchrysanthemes.fr\/index.php\/wp-json\/wp\/v2\/pages\/294","targetHints":{"allow":["GET"]}}],"collection":[{"href":"https:\/\/www.passionchrysanthemes.fr\/index.php\/wp-json\/wp\/v2\/pages"}],"about":[{"href":"https:\/\/www.passionchrysanthemes.fr\/index.php\/wp-json\/wp\/v2\/types\/page"}],"author":[{"embeddable":true,"href":"https:\/\/www.passionchrysanthemes.fr\/index.php\/wp-json\/wp\/v2\/users\/1"}],"replies":[{"embeddable":true,"href":"https:\/\/www.passionchrysanthemes.fr\/index.php\/wp-json\/wp\/v2\/comments?post=294"}],"version-history":[{"count":3,"href":"https:\/\/www.passionchrysanthemes.fr\/index.php\/wp-json\/wp\/v2\/pages\/294\/revisions"}],"predecessor-version":[{"id":297,"href":"https:\/\/www.passionchrysanthemes.fr\/index.php\/wp-json\/wp\/v2\/pages\/294\/revisions\/297"}],"up":[{"embeddable":true,"href":"https:\/\/www.passionchrysanthemes.fr\/index.php\/wp-json\/wp\/v2\/pages\/287"}],"wp:attachment":[{"href":"https:\/\/www.passionchrysanthemes.fr\/index.php\/wp-json\/wp\/v2\/media?parent=294"}],"curies":[{"name":"wp","href":"https:\/\/api.w.org\/{rel}","templated":true}]}}